= d - 5*d. Let o = d + x. List the prime factors of o.
2, 7
Let p = -2 + -5. Let l = -3 - p. List the prime factors of l.
2
Suppose 0 = -5*j + 36 - 6. Let h = j + -4. List the prime factors of h*((-9)/(-2) + -1).
7
Let a(b) = -12*b + 1. What are the prime factors of a(-2)?
5
Let q(d) = -2*d + 0*d**3 + 5*d**2 + 6 + 0*d**3 + d**3 - 2*d. Let t be q(-6). What are the prime factors of (-69)/(-9) + 4/t?
7
Let m(l) = 11*l**3 + 23*l**2 + 3*l + 1. Let c(q) = -5*q**3 - 11*q**2 - 2*q - 1. Let b(v) = -9*c(v) - 4*m(v). Let o = -7 + 1. What are the prime factors of b(o)?
5
Suppose 0*z - 4*z = 24. Let n = -2 - z. Suppose -5*v = -3*i + 35 + 6, n*v = 3*i - 37. List the prime factors of i.
7
Let l(j) = j**2 + 3*j + 2. Let v be l(-3). Suppose 3*a - 5*i = -v*a, -5*a - 5*i - 30 = 0. What are the prime factors of 6/(a/(-5 - -2))?
2, 3
Let j be (36/(-30))/(3/(-40)). Let f = -6 + j. List the prime factors of f.
2, 5
Let t(m) be the third derivative of m**6/120 - m**5/15 - m**4/6 + m**3 + 4*m**2. Let f be t(5). Let r = 20 - f. List the prime factors of r.
3
Let p(v) = 4*v - 5. Let a be p(3). Let l(f) = f**3 - 8*f**2 + 9*f + 1. List the prime factors of l(a).
3, 5
Suppose -6 = -2*d, -5*h - 4*d - 9 = -7*d. Suppose -x = -2 - h. Suppose -x*c + 30 = 3*c. What are the prime factors of c?
2, 3
What are the prime factors of 4 + (-11)/(11/(-50))?
2, 3
Suppose 0 = t - 3*t - 22. Let d(u) = -10*u + 1. Let r be d(-2). Let h = r + t. List the prime factors of h.
2, 5
Let u = 9 - 21. Let x = -5 - u. List the prime factors of x.
7
List the prime factors of (-1148)/(-32) - ((-9)/8 - -1).
2, 3
Let d = -3 + 5. Suppose -3*p = 3*m - 3, 0 = d*m + 3*p - 2*p - 5. Suppose -4*f = m*k, 16 + 0 = 2*k - 2*f. List the prime factors of k.
2
Suppose 4*t + 2*z = t + 455, 0 = 4*z + 8. Suppose -t + 3 = -5*f. Suppose -d + 3*d = f. What are the prime factors of d?
3, 5
List the prime factors of ((-784)/35)/(-7)*310/4.
2, 31
Suppose 153 = 5*g + c, 4*c = c + 9. Let p be (12/g)/((-2)/(-10)). Suppose -2*m + 4*b = -53 + 19, 5*b + p = -2*m. What are the prime factors of m?
3
Let w(m) = m**2 + m + 1. Let h be 1*(-2 - (-3)/(-1)). List the prime factors of w(h).
3, 7
Let c(z) = -z**2 + 15*z - 3. Suppose -4*q + 3*q + 13 = 0. List the prime factors of c(q).
23
Let b = -12 - -20. What are the prime factors of (-2 + b)/(-3 + 4)?
2, 3
Suppose 0 = 4*o - 4, -p - 5*o + 160 = 4*p. Suppose -5*m - s = -p - 164, 0 = -3*m - s + 115. List the prime factors of m.
2, 5
Suppose 0 = -0*l - l + 64. What are the prime factors of l?
2
Let l = -101 - -243. What are the prime factors of l?
2, 71
Suppose -f = 3*d - 970, d = 2*d - 4*f - 332. List the prime factors of d.
2, 3
Suppose 21 = -3*j + 57. Let a be (j/(-10))/((-10)/25). Suppose a*m - 17 = 16. List the prime factors of m.
11
Let b = 7 + -4. Let o(g) = g**3 - 4*g**2 - g - 1. Let s be o(b). Let v = 32 + s. What are the prime factors of v?
19
Let x = 90 + -19. What are the prime factors of x?
71
Let k = 34 + 0. Let j = k + -15. What are the prime factors of j?
19
Let x(j) = 313*j**3 + 2*j - 2. List the prime factors of x(1).
313
Let j(i) = 2*i**3 + i. Let z be j(-1). List the prime factors of 15/(0/z + 1).
3, 5
Suppose 2*f = -4*s, 5*f - 2*s + 39 = 15. Let a = 13 + f. List the prime factors of a.
3
Let j = 14 + 15. List the prime factors of j.
29
Let t = 36 + -17. Let v = -1 - 3. Let h = v + t. List the prime factors of h.
3, 5
Let d(j) = j**3 + 10*j**2 + 4*j - 7. Let k be d(-6). Let m = -60 + k. List the prime factors of m.
53
Let f = -45 + 98. List the prime factors of f.
53
Let b be 1 + -3 - 1*-7. Let i = b + 0. Suppose -17 = -m - i. List the prime factors of m.
2, 3
Let d(p) be the first derivative of p**3/3 - 2*p**2 - 2*p - 5. What are the prime factors of d(6)?
2, 5
Suppose -3*j + 4*p = -7*j + 500, 0 = 2*j + p - 247. What are the prime factors of j?
2, 61
Let p(k) be the third derivative of -k**4/24 - k**3/3 + 3*k**2. Let l be p(-6). Suppose -5*d - 19 = 2*x, d - 3 = 4*x + l*d. What are the prime factors of x?
3
Let t(q) = -7*q. Let y be t(-4). Let v = 14 + -12. Suppose 2*j - 2*x - y = -v*j, j - 4*x = 21. What are the prime factors of j?
5
Suppose 3*l - 3*v - v = -80, l - 4*v = -40. Let a = l + 29. Suppose 5*f = -a + 99. List the prime factors of f.
2, 3
Suppose 5*f + 0*a = 2*a + 117, -3*f - 3*a = -87. Let n be 1/5 + (-1205)/f. What are the prime factors of (2/6)/((-2)/n)?
2
Suppose -19 = -2*w + 53. List the prime factors of w.
2, 3
Let m(y) = -3*y. Let w be m(-3). What are the prime factors of w/((-6)/16*-4)?
2, 3
Let w(c) = c**3 - 2*c**2 - c + 2. Let x be w(2). Let y(r) = 6*r - 8. Let p be y(6). Suppose x*t + p = 4*t. What are the prime factors of t?
7
Suppose 3 = -3*v + n, v + 6 = 4*v + 2*n. Suppose 5*a + d - 40 = v, 42 = 3*a - 0*d - 3*d. List the prime factors of a.
3
Let k be ((-132)/(-55))/((-2)/(-65)). List the prime factors of k/15*(-15)/(-6).
13
Let t(v) = v**3 - 8*v**2 - v + 5. Let b be t(8). Let d(a) = 2*a**2 + 5*a + 4. Let g be d(b). Let p = g + 1. What are the prime factors of p?
2
Let x(p) = 6*p**2 - 2*p - 18. List the prime factors of x(-5).
2, 71
Suppose -15 = -2*y - 3. Let r be (3/(-2))/((-1)/y). Suppose -o + r = -2. What are the prime factors of o?
11
Let l(j) = j**3 - 5*j - 3*j**3 + 5*j**2 - 16*j**2 - 16 + j**3. What are the prime factors of l(-11)?
3, 13
Let z(n) = -107*n - 2. List the prime factors of z(-1).
3, 5, 7
Suppose 5*b - 59 = 3*a, 0 = -2*b - 2*b - 3*a + 31. Let k(t) = 2*t - 14. Let i be k(b). List the prime factors of 4/i - (-39)/9.
5
Let f(r) = 2*r**2 - 5*r - 4. Let d(x) = -x**3 - 4*x**2 - 3*x + 1. Let l be d(-3). Suppose 0 = -4*m + 17 - l. What are the prime factors of f(m)?
2
Suppose 2*v = 4*p - 4, -5*p = -2*v + 5*v - 16. Suppose -p = l + l. List the prime factors of -5 + 6 - (l - 1).
3
List the prime factors of 1/((-94)/(-31) - 3).
31
Suppose 495 = 36*v - 31*v. What are the prime factors of v?
3, 11
Let p = -3 + 3. Suppose p*t = -4*t + 48. What are the prime factors of t?
2, 3
Let p = -29 - -135. List the prime factors of p.
2, 53
Let k = 222 + -95. What are the prime factors of k?
127
Suppose 5*m = -3*t + 2146, 2*m + 1668 = 4*t - 1176. Suppose -28 = 5*b + t. List the prime factors of (-1)/4 - b/16.
3
Suppose -2*w = -5*q - 71, -5*q = -2*w - w + 69. Suppose -4*i = 3*k - 0*k + 1, k = -i. List the prime factors of (24/q)/(i/5).
2
Let v = 79 - 38. List the prime factors of v.
41
Let i = 119 - 97. What are the prime factors of i?
2, 11
Let m be 42/8 + (-10)/40. Suppose -3*p + 263 = 2*p + 3*a, m*p = a + 279. What are the prime factors of p?
5, 11
Let n be (-171)/6*(-4)/6. Let k = 6 + n. List the prime factors of k.
5
Suppose 2*o - 6 - 4 = 0. Suppose 0*h - 2*w - 74 = h, 4*w + 340 = -o*h. What are the prime factors of 1/3 - h/6?
11
Let d = -5 - -5. Suppose -2*k + 5*z + 17 = 0, d = k - 4*z - z - 6. What are the prime factors of k?
11
Let m = 9 + -7. Suppose -m*n = 3*i - 16, 4*i - 21 = -n - 8. Suppose -i*u + 20 = -0*u. List the prime factors of u.
2, 5
Let n be 483/9 + (-4)/6. Let x = n - 32. List the prime factors of x.
3, 7
Suppose -4*h + 2*h = 10. Let n be ((-1)/2)/(h/50). Suppose n*j + k + 2*k = 51, 2*k = -6. List the prime factors of j.
2, 3
Suppose -1 = s - 2. What are the prime factors of s/1*(-9 + 32)?
23
Let t = 8 + -9. Let f be (3/(-12))/t*12. Suppose 5 = 2*d - f. List the prime factors of d.
2
Suppose 0*t - 2*t + 200 = 0. Suppose 9*j + t = 13*j. What are the prime factors of j?
5
Suppose 3*h - 2*n = -n + 12, -h = 4*n + 9. What are the prime factors of h?
3
Suppose 3*g + 0*g - 3*d - 141 = 0, 0 = -4*d. What are the prime factors of g?
47
Suppose 0 = 5*z - 301 + 21. List the prime factors of z.
2, 7
Suppose -5*f + 4*f + 3 = 0. Suppose i - 51 = f*d + d, -i = 3*d - 51. List the prime factors of i.
3, 17
Let u(w) be the third derivative of -w**2 - 1/3*w**3 + 0 - 1/60*w**5 + 0*w - 1/3*w**4. List the prime factors of u(-3).
13
List the prime factors of 4 + 0 - 1 - -82.
5, 17
Let b(a) = -a**3 - 5*a**2 - 3*a - 4. Let g = -4 - 0. Let r be b(g). Let h(j) = -j + 1. List the prime factors of h(r).
3
Suppose 35 = 2*c - 49. What are the prime factors of c?
2, 3, 7
Let r be (-3)/(3/22) + 2. Let x = -8 - r. Let d = x - 2. List the prime factors of d.
2, 5
Let a(j) = 5*j - 10. Let o be a(9). Suppose -q = 4*q - o. List the prime factors of q.
7
Let c(s) = -s**